hen f(g) is divided by 9.
6
Calculate the remainder when (-779 + -18)/(2 - -2 - 5) is divided by 40.
37
Suppose -k = -5*k - 4. Let c(y) = -12*y - 1. Let d = -184 + 214. Calculate the remainder when d is divided by c(k).
8
Let o be 4/(-4) + (9/3 - 2). Calculate the remainder when 41 is divided by 107/5 - (6/15 + o).
20
Let n = -189 + 432. What is the remainder when n is divided by 6?
3
Let w(s) = -65*s - 108. Calculate the remainder when 141 is divided by w(-2).
9
Let r(w) = -2*w + w**2 - 2*w + 3*w + 0*w**2. Let z be r(-2). What is the remainder when 4 is divided by (0 + 2)*z/4?
1
Suppose 143 = 2*q - 3*r, -404 = -5*q + 4*r - 36. Let t = q - 24. Suppose 30 - 48 = -l. What is the remainder when t is divided by l?
16
Let n(k) = k**3 + 5*k**2 - 4*k - 2. Let i = -21 + 29. Calculate the remainder when n(-4) is divided by i.
6
Let n(q) = q**3 - 7*q**2 + 8*q - 6. Let z be (4/(-6))/((-5)/(-15)) - -13. Suppose 4*g - 150 = -z*g. What is the remainder when g is divided by n(6)?
4
Let r be 172/129 - (-107)/3. Suppose 4*m - 32 = -8. Suppose a = -5*x + r + 7, m = 3*x. What is the remainder when a is divided by 12?
10
Suppose 4*k = 4*d + 176, 5*d = 5*k + 2*d - 222. What is the remainder when 404 is divided by k?
44
What is the remainder when 82 is divided by 3/(-21) + (-148)/(-7)?
19
Suppose 58*p - 87 = 55*p. Calculate the remainder when 105 is divided by p.
18
Suppose -2*u + 4 = d, 2*u + 3*u + 2*d = 12. Suppose u = f + 3. Suppose f = w - 22. Calculate the remainder when 91 is divided by w.
22
Let i(f) = 18*f**2 - 2*f + 2. Let x be i(2). Let h = 112 - x. Calculate the remainder when h is divided by 0 - (1 - 12)*1.
9
Let r = -83 + 119. Calculate the remainder when 129 is divided by r.
21
Suppose 4*b - 12 = -2*f, -2*b - 39 - 39 = -5*f. Let i = -962 - -981. What is the remainder when i is divided by f?
5
Suppose -3*n - 389 + 731 = 0. Calculate the remainder when n is divided by 33.
15
Let x(u) = -8*u - 78. Calculate the remainder when 458 is divided by x(-18).
62
Suppose 3*t + 38 = 4*t. Suppose 5*u - t = 62. Let x(y) = 2*y**2 - 4*y + 31. What is the remainder when x(6) is divided by u?
19
Let r(v) = 13*v - 54. What is the remainder when 73 is divided by r(7)?
36
Let u(k) = 2*k**3 - 5*k**2 + k + 2. Let d be u(3). Suppose -49 = -3*h + d. Suppose -2*t + h = -11. Calculate the remainder when 47 is divided by t.
15
Suppose -11*z + 3040 = 9706. What is the remainder when 113 is divided by z/(-15) - 22/55?
33
Let b = 234 + -54. Let s be (1/3)/(3/b). Suppose -3*t = -s - 7. What is the remainder when 24 is divided by t?
6
Let m(t) = 3*t - 12. Let w be ((-4)/6)/(4/(-30)). Let g be m(w). Suppose r + g*r = 40. What is the remainder when 29 is divided by r?
9
Suppose -50 = -3*z + 97. Calculate the remainder when z is divided by 12.
1
Suppose b - 16 = -4*c, -5*b - 9 = 2*c + 1. Let x = -189 - -231. Calculate the remainder when x is divided by c.
2
Let z be -2 + (-81)/(-15) + 6/10. Suppose -z*o + s + 166 = 0, o - 47 = 2*s + s. What is the remainder when o is divided by 14?
13
Suppose 3*m - 2 = -a, 2*m + 2*a = 6*m - 6. Suppose 2*i - i = 0, -4*q + 2*i = -8. What is the remainder when q is divided by m?
0
Suppose -7*c = 9 - 142. Suppose 3*g + 45 = -0*g + 3*p, 0 = 3*g + 3*p + 15. Let t(y) = y**2 - 6. Calculate the remainder when t(g) is divided by c.
18
Let q(y) = -8*y - 2. Suppose 2*c - 4*b - 110 = 0, 0 = -5*c - 5*b + 217 + 28. What is the remainder when c is divided by q(-2)?
9
Let v(y) = -y**3 - 16*y**2 - 15*y + 10. Let u(d) = -d**3 - 16*d**2 - 15*d + 11. Let i(o) = 5*u(o) - 4*v(o). What is the remainder when i(-15) is divided by 8?
7
Let b = 0 + 56. Suppose -4*g = 4*m - 2*m - b, 3*m - 45 = -3*g. Let h(r) = r**2 - 1. What is the remainder when g is divided by h(3)?
5
Suppose 0 = 4*q - 12. Suppose -2 = -q*v - 8, -192 = -5*j + v. Calculate the remainder when j is divided by 4.
2
Calculate the remainder when 67 is divided by 0 + 2 - (-7 + -5).
11
Let t(o) be the first derivative of o**2 + 61*o + 34. Calculate the remainder when 86 is divided by t(-23).
11
Let t(l) = l**2 + 40*l + 209. What is the remainder when 34 is divided by t(-6)?
4
Let k = -17 + 195. What is the remainder when k is divided by 31?
23
Suppose -4*o = o + s - 158, 2*s + 68 = 2*o. Calculate the remainder when 86 is divided by o.
22
Suppose q - 15 = -2. Let o = -9 + q. Suppose -o*r + 17 = -35. What is the remainder when 25 is divided by r?
12
Suppose 0 = -7*p + 56 + 140. What is the remainder when (82 + -1)/(18/12) is divided by p?
26
Let d = -17 + 36. Calculate the remainder when (-20)/(-4)*-2*(-36)/10 is divided by d.
17
Let a be (3 - 1)*(-12)/(-8). Let i = a + -15. Let q(l) = -l - 4. Calculate the remainder when 14 is divided by q(i).
6
Let n = -160 - -202. What is the remainder when 156 is divided by n?
30
Let w = 1690 + -1647. What is the remainder when 234 is divided by w?
19
Suppose 0 = r - 3*m - 0*m - 219, 237 = r + 3*m. What is the remainder when r is divided by 122?
106
Let s(v) = v**3 - 6*v**2 - 6*v + 9. Suppose 5*j - 135 = 180. What is the remainder when j is divided by s(7)?
15
Let m = -2551 + 2606. Let q be (15/3)/(3/3). Suppose 0*f = -q*f + 70. Calculate the remainder when m is divided by f.
13
Suppose -a - 13 = -15. Suppose 0 = l - 5*p - 20, -a*l - 2*p - p + 53 = 0. Calculate the remainder when 48 is divided by l.
23
Suppose -o + 815 = 4*p + 290, 0 = 5*p - o - 645. What is the remainder when p is divided by 17?
11
Let z(t) = t + 18. Let h be z(-14). Suppose -5 = -5*p - 0, -h*n + 2*p + 90 = 0. Calculate the remainder when 67 is divided by n.
21
Let c = 48 - -66. What is the remainder when c is divided by 13?
10
Let n = 142 - 136. Suppose 4*d - 19 = 3*s, -5*d + s + 9 = -3*d. Suppose -5*r - 4*f + 55 = -3*f, -d*r + 5*f = -15. What is the remainder when r is divided by n?
4
Let w be (-163)/(-5) - (-24)/(-40). Let x = -1 + w. Calculate the remainder when x is divided by 8.
7
Let k = 1131 + -1118. Calculate the remainder when 1531 is divided by k.
10
Let s = -3 + 6. Suppose 5*i - 45 = -5*k, -k + s*i = -3 + 6. Calculate the remainder when 22 is divided by k.
4
Suppose -3*b = -6*b + 21. Suppose -4*l - 28 = -p - 2*p, 0 = 3*p + 3*l - 63. What is the remainder when p is divided by b?
2
Suppose -5 = -v - 3. Suppose -121 = -v*o + 19. Let l(n) = -3*n. What is the remainder when o is divided by l(-6)?
16
Suppose 10*z - 136 = 64. Calculate the remainder when 117 is divided by z.
17
Let v(k) be the first derivative of -3*k**4/2 - k**3 - k**2 - 2. Let z be v(-3). Suppose -5*c + z = -139. Calculate the remainder when c is divided by 19.
18
Suppose 5*r = i + 18, 4*r = -4*i + 25 - 1. Suppose c = 3*s - 3*c + 10, -s = i*c + 10. Let j = 25 - s. What is the remainder when j is divided by 17?
14
Let v(u) = -u**2 - 10*u - 16. Let i be v(-8). Suppose 32 = 2*c - i. Calculate the remainder when c is divided by 3.
1
Let o = 95 + -143. Let k = -34 - o. What is the remainder when k is divided by 3?
2
Suppose 2*p - 3*g + 34 = 89, g + 118 = 5*p. Let k = p + -26. Calculate the remainder when k/4 - 294/(-8) is divided by 13.
10
Let q(g) = -16*g + 127. Calculate the remainder when q(-19) is divided by 48.
47
Calculate the remainder when 302 is divided by (-3402)/135*(28/12 + -4).
8
Let x(v) = 3*v**3 - 191*v**2 + 124*v + 136. Let y = 40 - -48. Calculate the remainder when y is divided by x(63).
8
Suppose -5*m + 11 + 9 = 0. Let o(n) = 3*n - 55. Calculate the remainder when m is divided by o(19).
0
What is the remainder when 73 is divided by 320/5 + 2 - -3?
4
Suppose -7*h = 36*h - 5762. What is the remainder when h is divided by 58?
18
Let w = -99 + 114. What is the remainder when w is divided by 102/10 - (-7)/(-35)?
5
What is the remainder when (-1016)/(-13) - (45/39 + -1) is divided by 20?
18
Calculate the remainder when ((-4 - 0) + 5)*858/3 is divided by 50.
36
Let t(m) = 12 + 3*m + 9 + m**2 + 0*m. Calculate the remainder when t(5) is divided by 21.
19
Let u(z) = 17*z + 70. What is the remainder when u(7) is divided by 28?
21
Suppose 0 = 11*n - 299 - 240. Let m = n + -46. What is the remainder when 4 is divided by m?
1
Suppose -5*i = -9*o + 11*o - 12, 5*o - 4*i - 63 = 0. What is the remainder when o is divided by 7?
4
Let g = -1270 + 1342. Calculate the remainder when g is divided by 67.
5
Let b(q) = 18*q - 13. What is the remainder w